-5*w + 2*w + 3*q - 6, 3*w - 2*q + 5 = 0. Let i(t) = -166*t - 1 - 3*t**2 + 166*t. Determine i(w).
-4
Let r(s) = -s**3 - 6*s**2 - 3*s + 6. Let g be 31/(-6) - (-1)/6. Calculate r(g).
-4
Let x(k) = k**3 - 5*k**2 - 4*k - 7. Suppose -8 = 2*r + 5*t, 2*t = -0*r - 2*r + 4. Calculate x(r).
5
Let v(j) = j**3 + j**2 - 3*j. Let o = 33 - 16. Let q = o + -20. Give v(q).
-9
Let d(v) = 3*v + 4*v + 0*v**3 - 2 + v**3 + 8*v**2. Determine d(-7).
-2
Let p be ((-6)/(-5))/(9/30). Let w(d) = -d**2 + 2*d - 1. Give w(p).
-9
Let b(q) = -q**3 - q**2 - q. Let x = 0 + 1. Let j(r) = -3*r**2 - 5. Let m(n) = x*j(n) + b(n). Suppose 0 = 4*t - 2*t + 8. Calculate m(t).
-1
Let l = -25 + 19. Let r(w) = w**2 - 9*w - 7. Let f(i) = -i**2 + 8*i + 6. Let s(g) = l*r(g) - 7*f(g). Calculate s(2).
0
Let h(s) = -4 + 7*s + 5*s - 3*s - 4*s. Let m(k) = -5*k + 3. Let v(n) = -2*h(n) - 3*m(n). Determine v(-3).
-16
Let d(c) = -c**2 + 7*c. Let b = 14 - 7. Calculate d(b).
0
Let o be 6/(-9) - (-8)/3. Let k(x) = -x**3 + 3*x**2 - x - 2. Determine k(o).
0
Let q(o) = o**2 - 5*o - 7. Let d(s) = -s**2 + 5*s + 7. Let u(t) = 5*d(t) + 6*q(t). Suppose j - 4*y = -2*j + 15, 0 = 2*j - 3*y - 10. Determine u(j).
-7
Suppose 0 = 3*o + o - 8. Let u be (-12)/(-9)*o*-6. Let z be u/10 - (-2)/(-5). Let n(g) = g**2 + 2*g + 3. Calculate n(z).
3
Let y be (-11)/4 + 2 - (-44)/48. Let x(z) be the third derivative of -y*z**3 - 1/24*z**4 + 0*z - 1/60*z**5 - z**2 + 0. Determine x(-2).
-3
Let k(p) = -5*p + 10. Let v(d) = -9*d + 18. Let r(l) = -5*k(l) + 3*v(l). Determine r(5).
-6
Let d(j) = -3*j - 4. Let u be (-12)/66 + (-35)/(-11). Give d(u).
-13
Let s = 29 - 26. Let f(m) = 2*m**2 - 4*m + 3. Let b be f(2). Let t(k) = b + 2*k + s - 4*k**2 - 5 + 2*k**3. What is t(2)?
5
Let v be (12/15)/((-2)/15). Let g(a) be the first derivative of -a**4/4 - 2*a**3 + a**2/2 + 7*a + 13. Give g(v).
1
Let q(o) = 2*o**3 - o - 7. Let s(j) = -2*j**3 + j + 4. Let g(r) = 3*q(r) + 5*s(r). Determine g(1).
-3
Let g(n) = -6*n - 1. Let q(a) = -1 - 4*a + 5*a + 0. Let l be q(0). Let f be g(l). Let d(y) = 2*y - 6. Calculate d(f).
4
Let x(z) be the first derivative of -z**2 - 5*z - 3 + 1/3*z**3. Determine x(4).
3
Let c(j) = j**2 - 2*j - 3. Let i(r) = -r**2 + 16*r - 10. Let s be i(15). Give c(s).
12
Let b(w) = -w + 9. Let r(t) = t**2 + t. Let v be r(-3). Let z = 6 - v. Determine b(z).
9
Let m = 13 + -18. Let j(l) = l**2 + 6*l. Let k be j(m). Let p(i) = -i**2 - 4*i + 4. Determine p(k).
-1
Let f(m) = 2*m - 10. Let b(x) = -5*x - 17. Let y be b(-5). Give f(y).
6
Let s(x) = 106 - 54 - 53 - x. Let n be (0 - -1) + 10/(-2). What is s(n)?
3
Let f(o) = o**3 + 12*o**2 + 10*o - 16. Let y be f(-11). Let s(t) be the third derivative of 0*t - 5/24*t**4 - 1/60*t**5 + 0 - 2/3*t**3 + 2*t**2. Determine s(y).
-4
Let z(d) = d**2 + d - 1. Let j(l) = -4*l**2 + 6*l + 3. Let u(p) = j(p) + 3*z(p). Suppose m + 0*m - 9 = 0. Let n be u(m). Let c(y) = y**3 - 4. Determine c(n).
-4
Let r(x) = -x**2 + 15*x - 9. Let d be r(14). Let s(u) = u**3 + 1 + 0*u - 2*u + 1 - 5*u**2. What is s(d)?
-8
Suppose 0 = w + g + 8, -5*w = -2*g + 14 + 5. Let v(c) = c**2 + 4*c - 2. Give v(w).
3
Let s(d) = d - 8 + d + 12. Determine s(4).
12
Let b(a) be the third derivative of a**5/60 - a**4/24 + a**3/2 + 4*a**2. What is b(0)?
3
Let k(j) be the third derivative of j**7/5040 - 7*j**6/720 + j**5/20 + 4*j**2. Let b(z) be the third derivative of k(z). Calculate b(3).
-4
Let w = -13 + 5. Let d = 13 + w. Let a(m) = 1 - 6*m + 3 + m**2 + 2. Calculate a(d).
1
Let y(a) = -2*a**3 - 3*a**2 + a - 4. Let x(f) = 5*f**3 + 5*f**2 - 2*f + 7. Let j(q) = 3*x(q) + 5*y(q). Let u be ((-4)/6)/((-2)/3). Determine j(u).
5
Let w(z) = z**2 + 4*z + 4. Let c be w(-4). Let k(u) be the second derivative of -u**3/6 - u**2 + 3*u. What is k(c)?
-6
Let v(u) = u**3 - 6*u**2 + 4*u - 1. Let i be v(5). Let x be i + (0 - -3) - -5. Suppose x*z + 16 - 4 = 0. Let p(w) = -2*w - 6. What is p(z)?
6
Suppose 13*g - 8*g + 10 = 0. Let r(o) = -o. Let k(b) = -16*b - 2. Let w(i) = -k(i) + 12*r(i). Give w(g).
-6
Let g(c) be the second derivative of -1/2*c**2 - 1/30*c**5 + 0 + 2*c - 1/12*c**4 + 1/6*c**3. Let y(o) be the first derivative of g(o). What is y(1)?
-3
Let g(x) = -x**2 + 4*x + 21. Let w be g(7). Let l(k) = k - 5. Give l(w).
-5
Let y = 6 + -8. Let p(o) = o**2 + 3*o - 4. Let u be p(-4). Let r(b) = u + 2*b + 2*b**2 + 3 - 3*b**2. Determine r(y).
-5
Let v(s) = 1. Let i(l) = -l. Let g(a) = -4*i(a) - v(a). Determine g(5).
19
Suppose 0 = 3*h + 2*s + 3*s - 10, 0 = s + 1. Let n(z) be the third derivative of -z**5/60 + 7*z**4/24 - 7*z**3/6 - 13*z**2. Determine n(h).
3
Let d(v) = v**2 - v - 2. Let l = -177 + 175. What is d(l)?
4
Let b(q) = 3*q**2 + 19*q - 16. Let c(n) = -12 + 6*n + 4 + n**2 + 3. Let k(x) = -2*b(x) + 7*c(x). Determine k(-3).
-6
Let f(q) = -q**3 + 3 - 17*q + 9 + 5 - 10*q**2 + 27*q**2. Calculate f(16).
1
Let a(m) = -1. Let o(f) = -2*f. Let p(d) = -5*a(d) - o(d). Give p(-5).
-5
Let m(t) = -5*t**2 - 4*t - 2. Let v(b) = 3*b**2 - 2*b**2 - 2*b - 5*b - 2. Let h be v(7). Calculate m(h).
-14
Suppose d + 2*o = -2, -4*d - 4*o = -0*o + 8. Let v(l) = -11*l + 2. Calculate v(d).
24
Let g(s) be the third derivative of -s**9/60480 + s**8/6720 - s**7/2520 + s**6/240 - s**5/20 + 3*s**2. Let d(a) be the third derivative of g(a). Calculate d(3).
-3
Let z(t) be the second derivative of -t**3/3 - 7*t**2/2 + 11*t. Let j = 10 - 16. What is z(j)?
5
Let l(m) = -m**2 - 7*m - 3. Let p be l(-6). Let c(s) = 4*s - s**3 + p*s - 3*s**2 - 4*s + 4. What is c(-4)?
8
Let s(n) be the second derivative of n**5/20 - n**4/2 + 4*n**3/3 - 2*n**2 + 4*n. Determine s(5).
11
Let a(g) = g**2 + 3*g + 3. Let y = 3 + 0. Suppose -c + y = -5*v + 26, 2*v = c + 11. Calculate a(c).
3
Let k(g) = g**2 - 8*g - 2. Let b = -9 - -7. Let f be 12/(3/(-6) - b). Give k(f).
-2
Let f(o) = o**3 + 19*o**2 + 17*o - 25. Let g be f(-18). Let d(j) = -6 - 2*j + j - 3. Give d(g).
-2
Suppose -5*o = -5*p, -p + 0 = -5*o - 4. Let i(w) = -3*w**3 + w**2. What is i(o)?
4
Let r = 10 - 4. Suppose a = -2*a - r. Let b(z) = 5*z. Determine b(a).
-10
Let h(m) = m**3 + 6*m**2 + 7*m + 5. Let w(u) = -3*u - u + 2*u - u**2 + 4 - 4*u**2 - u**3. Let s be w(-4). Determine h(s).
9
Let n(d) = 5*d + 4*d**2 - 4 - d**3 + 0*d**3 + 11. Let z(r) = r**2 - 3*r. Let c be z(4). Let a be 1/c + (-114)/(-24). What is n(a)?
7
Let n = -1 + 3. Suppose 0 = 2*v - n, c - 4*v = -6 - 3. Let x(m) = m**2 + 8*m + 7. Calculate x(c).
-8
Let x be 9/(-6) + 3/6. Let m be 24/5 + 5/25. Let l(g) = -g**2 - g - 1. Let o(a) = a**2 + a + 1. Let u(t) = m*l(t) + 6*o(t). Calculate u(x).
1
Let l(z) = 3*z**3 + 5*z**2. Let x(d) = -7*d**3 - 11*d**2 - 1. Let c(r) = -5*l(r) - 2*x(r). Let u be (-2)/8 + 7/(-4). Calculate c(u).
-2
Suppose -7 - 13 = -5*h. Let n(b) = -6*b - h + b**2 - 2 - 2*b**2. Suppose 0 = u - 3*u + 4*w - 26, -4*w = u - 11. Calculate n(u).
-1
Let y(l) = -l**3 + 5*l**2 + 4. Let j = 31 + -26. Determine y(j).
4
Let r be 1/(-6)*-6 - (-1 + 5). Let k(s) = s**2 + 2*s - 2. Give k(r).
1
Let s(i) = -i**2 - 5*i. Let a be s(-2). Let l(d) = d**3 - 6*d**2 + d - 4. What is l(a)?
2
Let x = 1 + 1. Let q = 4 + -1. Let l(d) = -8 + 10 + 0*d - q*d + 3*d**2. Give l(x).
8
Let l(k) = 3*k + 2. Let a be (6 - 10 - -1)/(0 - -1). What is l(a)?
-7
Let f(m) = -10*m**2 - 5*m + 3. Let l(i) = 2*i**2 + i - 1. Let c(u) = -f(u) - 3*l(u). What is c(-2)?
12
Suppose 0 = -5*z - 3*q - 19, 3*z - 7*z - 24 = -2*q. Let y(b) = 1. Let l(i) = 2*i + 7. Let a(s) = l(s) - 5*y(s). What is a(z)?
-8
Let u(s) = -3*s - 1. Let f(g) = -g. Let d(w) = 4*w + 10. Let y(c) = d(c) + 3*f(c). Let h be y(-12). Determine u(h).
5
Suppose -40 = -5*d + 5. Let h(n) = -n**2 - 6*n + 4. Let f(l) = -4*l**2 - 24*l + 16. Let j(x) = d*h(x) - 2*f(x). Calculate j(-6).
4
Let y(n) = 2*n**3 - 13*n**2 - 10*n + 1. Let x(u) = -u**3 + 7*u**2 + 5*u. Let m(i) = 5*x(i) + 3*y(i). Calculate m(4).
-17
Let q(j) = 2*j - 1. Let a = 22 - 16. Suppose -a*p = -2*p - 4. What is q(p)?
1
Let a be 120/36 + (-2)/(-3). Suppose 6*s - 2*s - a = 0. Let z(d) = -6*d - 1. Give z(s).
-7
Suppose -r = 3 + 2, 5*i - 5*r = 75. Suppose -15 = -3*o, 2*w + 3*o + 3 = -i. Let d = w + 10. Let k(q) = -q**3 - 5*q**2 - 4*q - 5. Give k(d).
-5
Let b(n) be the second derivative of n**3/3 - 2*n. Let l(k) = -k**3 + 3*k**2 + 2. Let o be l(3). Suppose -4*z = 3*f + 18, -4*z - o*f = 23 - 7. Give b(z).
-6
Let n(z) be the second de